termine o(1).
2
Let p(s) = s**3 + 7*s**2 + 6*s + 2. Let t(v) = 8*v + 2. Let a be t(-3). Let d = a - -16. What is p(d)?
2
Let s(f) = -f**2 - 3*f - 3. Let z = 31 - 11. Let q = 15 - z. Determine s(q).
-13
Let b(c) be the second derivative of c**4/12 + 7*c**3/6 - c**2/2 + 51*c. Determine b(-7).
-1
Let h = -3 - 3. Let t = h + -1. Let a(u) = u**2 + 9*u + 9. Determine a(t).
-5
Let b(d) be the second derivative of -4*d**2 + 1/6*d**3 - 3*d + 0. Give b(6).
-2
Suppose -o + 18 = -4*o. Let l(s) = 218*s**2 + 2 + s - 219*s**2 - 6*s. Calculate l(o).
-4
Let s(o) = -2*o + 3. Suppose -5*k = 24 + 6. Let a(q) = -3*q - 12. Let n be a(k). Calculate s(n).
-9
Let k(b) = -3*b + 0*b**2 + 6*b**2 + 1 + 8*b + b**3. Suppose 0 = 2*w + 3*n - 3 - 31, -5*n = -4*w + 90. Suppose -p = 3*p + w. What is k(p)?
1
Let q(n) = 2*n + 3. Let t = -34 - -26. Suppose s + 15 = -2*s, -2*b = 4*s + 30. Let r = t - b. Calculate q(r).
-3
Let r(f) = -f - 4. Let b(a) = -a - 5. Let p(l) = -5*b(l) + 6*r(l). What is p(4)?
-3
Let d(l) = l - 1. Let n be d(3). Let u(w) = n + 3*w + 2 + 0 - 5. Determine u(2).
5
Suppose 2*b - 16 = -0*b. Suppose -4 = -4*g - 4*z, -3*z = 4*g - 1 - 4. Suppose g*i = 6*i + b. Let r(x) = -3*x**2 - 3*x - 1. Determine r(i).
-7
Suppose 0*v = v - 1. Let m(x) = -4*x. Give m(v).
-4
Suppose -7 = 3*i + 11. Let q(k) = k**3 + 7*k**2 + 7*k + 8. Let r be q(i). Let j(g) = -4 - r*g - 3 + 5. Calculate j(4).
-10
Let t be (-2)/(-8) + (-11)/(-4). Suppose 3*l - 3 = -5*n, 7*l + 25 = t*n + 3*l. Let o(x) = 14 - 5*x + 18 - x**3 + 5*x**2 - 28. Determine o(n).
7
Let m = 15 - 13. Let p(l) be the third derivative of 0 - 1/60*l**5 - 3*l**m + 0*l - 1/24*l**4 + 1/3*l**3. What is p(-2)?
0
Let w(y) = y**2 + y - 6. Suppose 3*j - 8 = 1. Let n be (-1 + 1)/(-5 + j). Give w(n).
-6
Let v(z) = -9 + 4 - 6 - 1 + z. Give v(8).
-4
Let j(b) be the first derivative of b**3 + b - 11. Calculate j(-1).
4
Let p(d) = -4*d**2 - 2 + d**3 + d - 1 + 0. Give p(4).
1
Let f(k) be the third derivative of -k**5/60 - k**4/3 - k**3/3 + 2*k**2. Determine f(-5).
13
Let u(f) = -f - 3. Let o be u(-5). Let i(m) = -28*m - 1 + 0 + 17*m - 2*m**2 + 14*m. Give i(o).
-3
Let l(n) = n - 7. Let c = -10 + 15. Calculate l(c).
-2
Suppose -5*h + 7*h - 10 = 0. Let r(g) = -2*g**2 + 6*g - 8. Let v(p) = p**2 - p + 1. Let m(z) = -r(z) - v(z). What is m(h)?
7
Let k(d) = 5 - d + 3*d + 6*d - 2*d + d**2. Give k(-5).
0
Let p(v) be the third derivative of 0 + 0*v + v**2 + 2/15*v**5 + 0*v**4 - 1/6*v**3. Let c be -2*2*1/4. Give p(c).
7
Let v(s) = 8*s + 8. Let k be v(-3). Let m = 18 + k. Let i(t) = t**2 + 1. Determine i(m).
5
Suppose 2*h - 2 = -0. Let c(q) = -5*q**2 - h - q**3 - 4 - 2*q + 0. Give c(-5).
5
Let p(t) be the second derivative of -t**6/120 + t**5/12 - t**3/6 - t**2 - 5*t. Let m(z) be the first derivative of p(z). Give m(5).
-1
Let c(i) = -i**3 + i + 1. Let p(q) = 7*q**3 - 4*q**2 - 3*q - 6. Let o(r) = -6*c(r) - p(r). Let v be 4/(-7) + (-36)/84. Let b be v + (4 - (-1 - -2)). Give o(b).
2
Let j be 2 - (0/1 - 2). Let r(i) be the first derivative of i**2 - 2*i - 3. Calculate r(j).
6
Let c(p) = p**2 - 5*p - 1. Let a = 0 + 4. What is c(a)?
-5
Let w(x) = -x**3 - 12*x**2 - 21*x - 13. Let n be w(-10). Let a(v) = -2*v + 1 - 3 - v**2 - 2*v. Give a(n).
1
Let z(b) = -4*b + 3. Let h be z(0). Let c(l) = -l + 2. Calculate c(h).
-1
Let l(d) = -d**2 - 4*d + 7. Let n = -65 + 60. Calculate l(n).
2
Suppose 4 = b - 0. Let c(d) = -3 - 5*d + 2*d + d**3 - b*d**2 - 2*d**2 + 2*d**2. Suppose 25 = h - 5*m, 5*h + 2*m = 6*m + 41. Give c(h).
7
Let q(u) be the first derivative of -u**4/4 - 5*u**3/3 - u**2/2 + 5*u + 23. Let c be (1 + (-9)/5)*-5. Let r = c - 9. Give q(r).
10
Let k(s) be the first derivative of s**4/4 - s**3 - 5*s**2/2 + 19. Calculate k(4).
-4
Let n(i) = i**3 - i**2 - 17. Suppose -5 - 4 = -3*p. Suppose 16 = -5*o - 4*g - 4, -3*g - 15 = -p*o. Give n(o).
-17
Let r = -35 - -37. Let m(y) be the second derivative of -1/20*y**5 - y**2 + r*y + 0 + 1/6*y**4 + 1/2*y**3. Calculate m(2).
4
Let b be (1 - 2)*(0 - -3). Let o(j) be the second derivative of -j**5/20 - j**4/4 - j**3/2 + 29*j. Give o(b).
9
Let x(w) = 2*w**3 + 11*w**2 - 4*w + 7. Let z be x(-6). Let h(r) = -2*r**2 - 5*r + 7. Calculate h(z).
-18
Let s(d) = d + 1. Let n(u) = 7*u + 12. Let o = -14 + 8. Let w(p) = o*s(p) + n(p). Determine w(-6).
0
Let t be (-3)/(-2)*(-72)/(-27). Suppose 2 + 1 = -3*c. Let w = t - c. Let j(q) = 2*q - 2. What is j(w)?
8
Let k(u) = u + 1. Let t(h) = 2 - 1 - 4*h + 1 - 7. Let l(o) = -5*k(o) - t(o). Determine l(-6).
6
Suppose 4 = 2*s - 5*m, 4*m - 1 = 4*s - 9. Let z(a) = -a + 1. Give z(s).
-1
Let c(s) = s + 3. Let z be c(0). Suppose 6*n + 18 = z*n. Let o(r) = -r**2 - 7*r + 6. Calculate o(n).
12
Let g = 6 - 6. Suppose 0 = 2*z - 6*z. Let l(u) = g*u + 3 - u + z*u. What is l(2)?
1
Let n(m) = -m - 11. Let z be 51/(-7) - 42/(-147). What is n(z)?
-4
Let n(r) = -r**2 + 5*r - 2. Let z be n(4). Let a(t) = 1 + 7*t + 3*t + 3*t**z - t**3 - 18*t + 7*t. Determine a(3).
-2
Let x(o) = 5*o + 2. Let p(b) = 11*b + 3. Let w(g) = 2*p(g) - 5*x(g). Suppose -3*z + 3*t - 15 = 0, -4*z - 4 + 0 = 4*t. What is w(z)?
5
Let k(x) = x**2 + 2*x + 1. Let d be k(2). Suppose -5*c - 1 - d = 2*a, 3*c + 6 = -4*a. Let y(b) = -2*b**3 - 2*b**2 - b - 2. What is y(c)?
8
Let v(j) = -4*j**2 - 3*j + 3. Let c(w) = 5*w**2 + 4*w - 4. Let m(a) = -3*c(a) - 4*v(a). Calculate m(2).
4
Let k(m) = 3 - 2 - 3 + 4 + m. Let u(f) = -f - 6. Let z(b) = -b - 5. Let s(c) = -4*u(c) + 5*z(c). Let n be s(-1). Determine k(n).
2
Let f(r) = 4*r + 2. Let g = -18 + 14. Determine f(g).
-14
Let z be 54/(-63)*(-28)/6. Let h be 4 + (1*-2)/(-2). Let x(j) = -4*j - 3 + h + 2 + 0*j. What is x(z)?
-12
Let x(g) = g - 5. Let q be x(5). Let r(m) = 3*m**2 - 11*m - 6. Let d(p) = -p**2 + 4*p + 2. Let n(k) = -11*d(k) - 4*r(k). Calculate n(q).
2
Let g(w) = 14*w + 1. Let u(v) = -15*v - 1. Let j(s) = -3*g(s) - 4*u(s). What is j(-1)?
-17
Let y(i) = 11*i + 5. Let u(z) = 7*z + 3. Let f(x) = 8*u(x) - 5*y(x). Determine f(-4).
-5
Suppose -g - 12 = 2*i + 3*g, 2*g - 4 = 4*i. Let p(z) = -3*z**2 + 2. Give p(i).
-10
Let k(w) = -w - 3. Let u = 6 + -11. What is k(u)?
2
Let m(s) = -8*s**3 - s**2 + s - 1. Let o(f) = f**3 - f + 1. Let l(p) = m(p) + 2*o(p). Determine l(1).
-7
Let a be (378/81)/((-4)/(-6)). Let u(z) = z - 10. Calculate u(a).
-3
Let j be (-25)/40*-4*-2. Let n(y) = 4*y + 3. What is n(j)?
-17
Let o(z) = -5*z**3 - z + 1. Suppose 2*f + d = -0*d + 14, 5*d = -5*f + 40. Suppose 20 = -5*x, -u + x = u - f. Calculate o(u).
-5
Let b be (15/(-6))/((-2)/(-4)). Let n be (1 - -1)/(b/(-10)). Let q(l) be the third derivative of -l**5/60 + 7*l**4/24 - l**3 - 2*l**2. Give q(n).
6
Let i(c) = 5*c + 1. Let h(x) = 15*x + 3. Let u(g) = -6*h(g) + 17*i(g). Give u(-2).
9
Let y(p) = 5 - 12 - p + 8. Let u be 2/(-6) - (-8)/6. Suppose -a - u = -0. Determine y(a).
2
Let d(m) = m**3 - 5*m**2 - 6*m - 6. Let f = -103 + 109. Give d(f).
-6
Let g(q) be the second derivative of -3*q + 0 + 2*q**2 - 1/3*q**3. Give g(3).
-2
Let z(n) = 4*n + 4. Let b(t) = -t - 1. Let a(s) = s**3 + 6*s**2 + 2*s + 6. Let l be a(-6). Let u(x) = l*b(x) - z(x). Let y = 3 - 7. Determine u(y).
-6
Suppose 6 = -0*u + 3*u. Let b(a) = 10*a + 45 - a**2 - 43 - u*a. What is b(6)?
14
Let t(c) be the second derivative of -c**3/6 + 5*c**2/2 + c. Let b be (-4)/(-10) + (-594)/(-90). Suppose 4 = -6*s + b*s. What is t(s)?
1
Let j(t) = t + 9. Let f(i) = -i**2 - 1. Let l be f(2). Give j(l).
4
Let l(u) = 20*u - 2 + 0 - 2*u + 3. Give l(-1).
-17
Suppose -3*a = 9, 3*l + a - 5*a - 12 = 0. Let c(d) = -d + l*d + 2*d + 4. Let j be 2/(-4)*(-1 - -1). What is c(j)?
4
Suppose 3*t - 9 = 6. Let f(x) = -2*x - 4. What is f(t)?
-14
Let h(g) = 9*g**2 - g. Let o(r) = r**2 - 2*r. Let w be o(3). Suppose w*j = -2*j + 5. Determine h(j).
8
Let z(k) = 12 + 14 - 35 + k. What is z(9)?
0
Let k be (-1)/(-3) - 5/(-3). Suppose 0 = 3*c + k*c. Let n(m) = c*m + 2*m - 3*m. Determine n(6).
-6
Let i = 7 + -3. Suppose 9*a - i*a = 10. Let g(x) = -a*x - x + 2*x. Calculate g(1).
-1
Let q(m) = 3 + 2*m - 3*m - 1 + 2*m. Give q(3).
5
Let q be (1 - 4)/((-1)/2). Let u(f) = q - 2 + 5*f - 2. Let x(r) = -4*r - 2. Let i(j) = 2*u(j) + 3*x(j). Calculate i(-4).
6
Let a(z) = z + 4. Let r(j) be the third derivative of j**4/24 - 2*j**3/3 + 2*j**2. Let i be r(4). Calculate a(i).
4
Let o(k) be the second derivative of 2*k**3/3 - k**2/2 - 35*k 